hundreds digit of 345156?
1
What is the tens digit of 39287?
8
What is the tens digit of 1007064?
6
What is the tens digit of 701?
0
What is the millions digit of 6050410?
6
What is the hundreds digit of 100891?
8
What is the thousands digit of 13783833?
3
What is the units digit of 1373793?
3
What is the ten thousands digit of 1096586?
9
What is the hundreds digit of 1334274?
2
What is the ten thousands digit of 525226?
2
What is the tens digit of 28296974?
7
What is the units digit of 772?
2
What is the units digit of 4890809?
9
What is the tens digit of 5388008?
0
What is the tens digit of 51343?
4
What is the ten thousands digit of 113709?
1
What is the hundreds digit of 2286950?
9
What is the ten millions digit of 20041539?
2
What is the tens digit of 150269?
6
What is the thousands digit of 1442611?
2
What is the units digit of 5158132?
2
What is the units digit of 2516?
6
What is the tens digit of 3682148?
4
What is the ten thousands digit of 948588?
4
What is the ten thousands digit of 3255294?
5
What is the hundreds digit of 132161?
1
What is the thousands digit of 667639?
7
What is the hundred thousands digit of 356288?
3
What is the hundred thousands digit of 4452817?
4
What is the hundred thousands digit of 30377423?
3
What is the units digit of 411472?
2
What is the tens digit of 318311?
1
What is the tens digit of 48042?
4
What is the thousands digit of 229548?
9
What is the hundred thousands digit of 41849024?
8
What is the ten thousands digit of 309743?
0
What is the tens digit of 16039961?
6
What is the millions digit of 23136146?
3
What is the thousands digit of 617481?
7
What is the tens digit of 5609375?
7
What is the hundred thousands digit of 3076369?
0
What is the millions digit of 1552140?
1
What is the units digit of 749669?
9
What is the hundred thousands digit of 3260887?
2
What is the ten millions digit of 28277126?
2
What is the ten thousands digit of 206458?
0
What is the hundreds digit of 247770?
7
What is the units digit of 4552?
2
What is the units digit of 1211477?
7
What is the units digit of 1927993?
3
What is the units digit of 711698?
8
What is the hundreds digit of 385756?
7
What is the units digit of 644237?
7
What is the thousands digit of 1161256?
1
What is the hundreds digit of 365544?
5
What is the hundred thousands digit of 196604?
1
What is the millions digit of 5229699?
5
What is the millions digit of 27603308?
7
What is the millions digit of 14266120?
4
What is the ten thousands digit of 6614188?
1
What is the thousands digit of 139587?
9
What is the thousands digit of 4826593?
6
What is the tens digit of 353306?
0
What is the hundred thousands digit of 206266?
2
What is the ten thousands digit of 248683?
4
What is the tens digit of 3899135?
3
What is the hundreds digit of 38622200?
2
What is the hundred thousands digit of 4358120?
3
What is the tens digit of 67137?
3
What is the tens digit of 1662952?
5
What is the units digit of 230814?
4
What is the tens digit of 1310426?
2
What is the hundreds digit of 153838?
8
What is the millions digit of 5314222?
5
What is the hundred thousands digit of 148820?
1
What is the hundreds digit of 3713373?
3
What is the millions digit of 6368485?
6
What is the hundreds digit of 235967?
9
What is the tens digit of 30474?
7
What is the ten thousands digit of 1138423?
3
What is the hundreds digit of 801727?
7
What is the hundreds digit of 19167398?
3
What is the thousands digit of 11750738?
0
What is the hundred thousands digit of 6046261?
0
What is the units digit of 152346?
6
What is the thousands digit of 743244?
3
What is the ten thousands digit of 4192581?
9
What is the units digit of 832020?
0
What is the units digit of 683652?
2
What is the millions digit of 5894132?
5
What is the units digit of 30000865?
5
What is the hundred thousands digit of 756481?
7
What is the ten thousands digit of 1998488?
9
What is the thousands digit of 1495313?
5
What is the thousands digit of 340820?
0
What is the thousands digit of 7946256?
6
What is the units digit of 9068125?
5
What is the tens digit of 46394?
9
What is the hundreds digit of 2566154?
1
What is the hundred thousands digit of 2431199?
4
What is the units digit of 881700?
0
What is the units digit of 75587?
7
What is the hundred thousands digit of 29575663?
5
What is the ten thousands digit of 886550?
8
What is the ten millions digit of 14368784?
1
What is the ten thousands digit of 12863236?
6
What is the ten thousands digit of 4681694?
8
What is the ten thousands digit of 37708?
3
What is the hundreds digit of 238408?
4
What is the hundreds digit of 69451?
4
What is the units digit of 10797?
7
What is the tens digit of 1171841?
4
What is the hundred thousands digit of 327053?
3
What is the thousands digit of 762346?
2
What is the hundreds digit of 19622037?
0
What is the ten thousands digit of 202938?
0
What is the ten thousands digit of 438570?
3
What is the hundreds digit of 5168719?
7
What is the thousands digit of 5312808?
2
What is the thousands digit of 6076771?
6
What is the thousands digit of 2659465?
9
What is the hundreds digit of 15607346?
3
What is the thousands digit of 10551701?
1
What is the thousands digit of 2824934?
4
What is the tens digit of 13162805?
0
What is the units digit of 17673661?
1
What is the thousands digit of 12804386?
4
What is the thousands digit of 2099376?
9
What is the units digit of 1373266?
6
What is the ten thousands digit of 4953629?
5
What is the thousands digit of 8775353?
5
What is the tens digit of 176117?
1
What is the hundred thousands digit of 425478?
4
What is the hundred thousands digit of 749953?
7
What is the hundred thousands digit of 155667?
1
What is the hundreds digit of 1239168?
1
What is the tens digit of 9573472?
7
What is the thousands digit of 509262?
9
What is the millions digit of 5510353?
5
What is the hundred thousands digit of 902625?
9
What is the hundred thousands digit of 7393651?
3
What is the thousands digit of 392928?
2
What is the tens digit of 607324?
2
What is the ten thousands digit of 9261187?
6
What is the hundred thousands digit of 319370?
3
What is the ten thousands digit of 1708278?
0
What is the hundreds digit of 4439897?
8
What is the units digit of 1006203?
3
What is the hundred thousands digit of 482633?
4
What is the ten thousands digit of 1741842?
4
What is the units digit of 437143?
3
What is the hundred thousands digit of 2015247?
0
What is the units digit of 30455804?
4
What is the units digit of 793721?
1
What is the thousands digit of 3710107?
0
What is the hundred thousands digit of 1904662?
9
What is the millions digit of 8158655?
8
What is the millions digit of 2587726?
2
What is the hundreds digit of 318407?
4
What is the millions digit of 1456860?
1
What is the millions digit of 20992291?
0
What is the hundred thousands digit of 16486753?
4
What is the tens digit of 3060523?
2
What is the thousands digit of 132746?
2
What is the units digit of 17488?
8
What is the tens digit of 1399030?
3
What is the hundreds digit of 8548897?
8
What is the thousands digit of 3814637?
4
What is the millions digit of 18068385?
8
What is the ten thousands digit of 13865816?
6
What is the tens digit of 723382?
8
What is the tens digit of 10091519?
1
What is the tens digit of 9353300?
0
What is the hundreds digit of 142932?
9
What is the ten thousands digit of 141675?
4
What is the hundred thousands digit of 463530?
4
What is the hundreds digit of 186097?
0
What is the units digit of 364612?
2
What is the tens digit of 676070?
7
What is the hundred thousands digit of 170469?
1
What is the hundreds digit of 97650?
6
What is the ten thousands digit of 446622?
4
What is the ten millions digit of 12391985?
1
What is the thousands digit of 11019766?
9
What is the units digit of 206399?
9
What is the hundred thousands digit of 1835066?
8
What is the units digit of 714902?
2
What is the hundred thousands digit of 5625105?
6
What is the units digit of 40260?
0
What is the units digit of 156769?
9
What is the hundreds digit of 23783?
7
What is the hundreds digit of 205234?
2
What is the units digit of 4401373?
3
What is the units digit of 1118597?
7
What is the thousands digit of 132926?
2
What is the hundred thousands digit of 973192?
